{"id":110,"date":"2016-10-11T01:12:38","date_gmt":"2016-10-11T01:12:38","guid":{"rendered":"http:\/\/projetoabelha.com.br\/?page_id=110"},"modified":"2020-05-07T18:54:01","modified_gmt":"2020-05-07T18:54:01","slug":"livros-2","status":"publish","type":"page","link":"http:\/\/www.projetoabelha.com.br\/?page_id=110","title":{"rendered":"Mural"},"content":{"rendered":"\n<p>Confira os t\u00edtulos nos quais estamos trabalhando para torna-los dispon\u00edveis \u00e0 venda!<\/p>\n\n\n\n<div class=\"wp-block-media-text alignwide is-stacked-on-mobile\" style=\"grid-template-columns:53% auto\"><figure class=\"wp-block-media-text__media\"><img loading=\"lazy\" width=\"1024\" height=\"576\" src=\"http:\/\/projetoabelha.com.br\/wp-content\/uploads\/2016\/10\/AgendaBlog-1024x576.jpg\" alt=\"\" class=\"wp-image-124\" srcset=\"http:\/\/www.projetoabelha.com.br\/wp-content\/uploads\/2016\/10\/AgendaBlog-1024x576.jpg 1024w, http:\/\/www.projetoabelha.com.br\/wp-content\/uploads\/2016\/10\/AgendaBlog-300x169.jpg 300w, http:\/\/www.projetoabelha.com.br\/wp-content\/uploads\/2016\/10\/AgendaBlog-768x432.jpg 768w, http:\/\/www.projetoabelha.com.br\/wp-content\/uploads\/2016\/10\/AgendaBlog-391x220.jpg 391w, http:\/\/www.projetoabelha.com.br\/wp-content\/uploads\/2016\/10\/AgendaBlog.jpg 1280w\" sizes=\"(max-width: 1024px) 100vw, 1024px\" \/><\/figure><div class=\"wp-block-media-text__content\">\n<ul><li><a href=\"http:\/\/projetoabelha.com.br\/?page_id=60\">Florisbela e sua Galinha<\/a><\/li><li><a href=\"http:\/\/projetoabelha.com.br\/?page_id=360\">A Bruxinha Melissa<\/a><\/li><li><a href=\"http:\/\/projetoabelha.com.br\/?page_id=429\">O Roubador de Sonhos<\/a><\/li><li><a href=\"http:\/\/projetoabelha.com.br\/?page_id=131\">Todos choram quando cortam cebolas<\/a><\/li><\/ul>\n<\/div><\/div>\n","protected":false},"excerpt":{"rendered":"<p>Confira os t\u00edtulos nos quais estamos trabalhando para torna-los dispon\u00edveis \u00e0 venda! Florisbela e sua Galinha A Bruxinha Melissa O Roubador de Sonhos Todos choram quando cortam cebolas<\/p>\n","protected":false},"author":1,"featured_media":4544,"parent":0,"menu_order":2,"comment_status":"closed","ping_status":"closed","template":"","meta":[],"_links":{"self":[{"href":"http:\/\/www.projetoabelha.com.br\/index.php?rest_route=\/wp\/v2\/pages\/110"}],"collection":[{"href":"http:\/\/www.projetoabelha.com.br\/index.php?rest_route=\/wp\/v2\/pages"}],"about":[{"href":"http:\/\/www.projetoabelha.com.br\/index.php?rest_route=\/wp\/v2\/types\/page"}],"author":[{"embeddable":true,"href":"http:\/\/www.projetoabelha.com.br\/index.php?rest_route=\/wp\/v2\/users\/1"}],"replies":[{"embeddable":true,"href":"http:\/\/www.projetoabelha.com.br\/index.php?rest_route=%2Fwp%2Fv2%2Fcomments&post=110"}],"version-history":[{"count":32,"href":"http:\/\/www.projetoabelha.com.br\/index.php?rest_route=\/wp\/v2\/pages\/110\/revisions"}],"predecessor-version":[{"id":4722,"href":"http:\/\/www.projetoabelha.com.br\/index.php?rest_route=\/wp\/v2\/pages\/110\/revisions\/4722"}],"wp:featuredmedia":[{"embeddable":true,"href":"http:\/\/www.projetoabelha.com.br\/index.php?rest_route=\/wp\/v2\/media\/4544"}],"wp:attachment":[{"href":"http:\/\/www.projetoabelha.com.br\/index.php?rest_route=%2Fwp%2Fv2%2Fmedia&parent=110"}],"curies":[{"name":"wp","href":"https:\/\/api.w.org\/{rel}","templated":true}]}}